 5
Suppose 6*a = a + 45. Suppose 2*p + a = 33. What are the prime factors of p?
2, 3
Let d(t) be the third derivative of t**4/24 - 7*t**3/6 - 3*t**2. Let y be d(7). Suppose -4*q - 5*v = -y*q + 12, 3*q - 3*v - 18 = 0. List the prime factors of q.
2
Let x be (-8)/(-6) - (-8)/12. Suppose 0 = v - x*v + 17. List the prime factors of v.
17
Let s = -7 + 9. Let m = 13 - s. Suppose -m = p - 2*p. What are the prime factors of p?
11
Let d(o) = -o**3 + 4*o**2 + 7*o - 4. List the prime factors of d(5).
2, 3
Let x(v) = -3*v - 1. Let c(y) = 16*y + 5. Let z(r) = -2*c(r) - 11*x(r). Let q be z(6). Suppose q*w - 30 = 4*w. What are the prime factors of w?
2, 5
Let p(r) = -4*r**3 + r**2 + 4*r + 3. List the prime factors of p(-2).
31
Let p = -10 + 11. Let j be 0*p/6*-2. Suppose -a + 3*x + 22 = j, -1 = -3*a - 5*x - 5. List the prime factors of a.
7
Suppose -5*i = -i - 12. Suppose -t + 2*y + 2 = 0, 4*t = i*t + y + 6. What are the prime factors of t?
2, 5
Let h be (-2 - 4)/(6/(-4)). Suppose h*u - j - 32 = 0, 3*j = u + 3*u - 40. List the prime factors of u.
7
Let i(g) = 6*g - 6. Let k be i(8). Suppose k = j + j. List the prime factors of j.
3, 7
Suppose 3*s + 0*s - 69 = 0. Suppose -s = -4*p + 89. What are the prime factors of p?
2, 7
Let t = 43 + -29. List the prime factors of t.
2, 7
Let w = -7 + 10. Suppose w*t - 6*p = -p + 95, -151 = -5*t + p. List the prime factors of t.
2, 3, 5
Suppose 19 = -5*f - 11. List the prime factors of (-4)/f + 80/6.
2, 7
Let z = -15 - -27. Let j = z - 6. Let x = -2 + j. What are the prime factors of x?
2
Let o(j) = j**2 + j - 3. Let b be o(-4). Suppose -25 = 4*k - b*k. Let y = k + -1. What are the prime factors of y?
2
Let p(q) = 5*q - 6. Let a be 2/12 + 161/42. What are the prime factors of p(a)?
2, 7
Let w(k) = k**2 + 3*k - 30. What are the prime factors of w(-9)?
2, 3
Let h be (-44)/(-12) + (-1)/(-3). Suppose h*r + 3 = 7*r. Let v = r - -9. List the prime factors of v.
2, 5
Let w(l) = -l**3 + 8*l**2 - 6*l. Let c = 8 + -1. What are the prime factors of w(c)?
7
Let h(b) = b**2 + 2*b. Let v be h(5). Let o = v + -6. What are the prime factors of o?
29
Let h(l) = 8*l**2 - l + 2. List the prime factors of h(3).
71
Let p be -4*((-27)/12 - -2). What are the prime factors of 7 - p/2*0?
7
Let l = -30 - -52. What are the prime factors of (-2 - 6)*l/(-8)?
2, 11
Suppose 4*s - 1050 - 66 = 0. What are the prime factors of (-6)/(-12) + s/6?
47
Suppose -3*x + 40 = -56. List the prime factors of x.
2
Suppose 0 = 2*b - 1 - 5. Suppose -3*x = 2*c - 2*x - 18, 0 = -b*c - 3*x + 21. What are the prime factors of c?
11
Suppose 0 = -3*r + 2*p - 0*p - 113, -5*r + 4*p = 185. Let w = -23 - r. List the prime factors of w.
2, 3
Let u = -59 - -83. What are the prime factors of u?
2, 3
Let m = -6 + 30. Suppose -t + 2*t - 36 = 0. Let w = t - m. List the prime factors of w.
2, 3
Let x = -9 - -89. List the prime factors of x.
2, 5
Let b(n) = -n**3 - 8*n**2 + 9*n + 12. Suppose 0 = 3*t - 8*t - 45. What are the prime factors of b(t)?
2, 3
Suppose -85 = -m + 5*w, -5*m + 4*w + 325 = -w. What are the prime factors of m?
2, 3, 5
Let w(f) = -3*f - 2. List the prime factors of w(-14).
2, 5
Suppose -2*k - 12 = k. Let x be k/(-14) + 15/21. List the prime factors of ((-12)/(-10))/(x/10).
2, 3
Suppose 4*q - 4*d = d + 113, -d + 131 = 4*q. Suppose 3 + q = i. List the prime factors of i.
5, 7
Suppose -43 = -5*f - 3. Let s = 15 - f. What are the prime factors of s?
7
Let p(s) = -6*s - 3. Let h be p(-4). Suppose -3*o + 3 = -2*o. Suppose -h = -z - o. List the prime factors of z.
2, 3
Suppose 3*h + 3*w - 93 = 0, -5*h = -0*w - 4*w - 110. Let r = h - 11. List the prime factors of r.
3, 5
Let k be (0/2)/(-4 - -2). Suppose -2*s + 78 = 5*z - z, -4*s + 4*z + 96 = k. What are the prime factors of s?
29
Suppose 0 = 6*k - 3*k. Suppose 3*b - 66 = -k. List the prime factors of b.
2, 11
Let w be ((-180)/14)/((-3)/28). Suppose -4*b + w = s, 2*b - 50 = 2*s - 5*s. List the prime factors of b.
31
Let u = 201 - 1. What are the prime factors of u?
2, 5
Suppose -5*b - 6*b = -264. List the prime factors of b.
2, 3
Let r = 59 + 172. What are the prime factors of r?
3, 7, 11
Suppose g - 2*g - 4 = 0. What are the prime factors of (-2)/g - (-17)/2?
3
Let n be (-3 + -18)/1 - -2. Let g = n - -29. List the prime factors of g.
2, 5
Let o(f) be the third derivative of -f**6/120 - 7*f**5/60 - f**4/3 + f**3/6 - 3*f**2. What are the prime factors of o(-6)?
13
Let n = 15 - 11. Suppose n*u + 4*p + 7 = 167, 4*p + 92 = 2*u. List the prime factors of u.
2, 3, 7
Let g(l) = 5*l + 0 + 6 - 4 - 3*l. What are the prime factors of g(5)?
2, 3
Let m(z) = -z**3 + z**2 - 4*z + 3. Let i be m(2). Let y be (-5 + 2 - -18)*-1. Let c = i - y. List the prime factors of c.
2, 3
Let l(o) = -o**2 - 5*o + 3. Let d be l(3). Let v = 13 - d. List the prime factors of v.
2, 17
Suppose 4*s - 18 - 75 = 3*z, -5 = -5*z. List the prime factors of s.
2, 3
What are the prime factors of (-12)/(-4 - -1) - (-292 + 1)?
5, 59
Let v(c) = c**2 + 4*c - 2. Let m be v(-5). Let b(f) = f**3 - 8*f**2 + 7*f. Let y be b(7). Suppose -m*u + y*u = -18. What are the prime factors of u?
2, 3
Let l be ((-12)/10)/(7/35). Let y = l - -11. List the prime factors of y.
5
Let j(w) = 2*w + 1. Let d be j(4). Let m be (-6)/(-9) - (-66)/d. Let k(r) = r - 6. List the prime factors of k(m).
2
Let h = 5 - 3. Suppose -2*x + h*z + 42 = 0, -x + 3 = 3*z - 34. Let n = x - 13. List the prime factors of n.
2, 3
List the prime factors of 428/(-16)*-4*1.
107
Let t(p) = -p**3 - 8*p**2 + 7*p - 10. Suppose -k + 2*z = 17, k + z + 5 = -0*k. What are the prime factors of t(k)?
2
Let a be 80/14 + (-6)/(-21). Let r(v) = -v**2 + v - 6 + a + 8. List the prime factors of r(0).
2
Let c(h) = -h**2 + 5*h + 6. Let m be c(6). Suppose 0*i + i - 2 = m. List the prime factors of i.
2
Suppose 5*a + 42 = 3*d + 2*a, -3*d = 3*a - 72. Let r = -3 + d. List the prime factors of r.
2
Suppose -5*z + 4*r + 1 = -6, 4*z + 3*r = 18. Suppose -2*u - z*u = -y + 21, -3*y + 5*u + 33 = 0. List the prime factors of y.
2, 3
Let l(g) = g**3 - 10*g**2 + 10*g + 11. What are the prime factors of l(9)?
2, 5
Let s(b) = -b**3 - b**2 - b + 6. Let q be s(0). Let n(v) = -v**3 + 8*v**2 - 8*v - 1. What are the prime factors of n(q)?
23
Let y = 5 - 3. Suppose y*i + 2*i - 16 = -5*m, 0 = -2*m. List the prime factors of i.
2
Let a(h) = 2*h**2 + 3*h. Let l(g) = 2*g**2 + 3*g. Let k(t) = 3*a(t) - 2*l(t). Suppose -3*c + 2*y = 15, -3*y + 4*y - 9 = 2*c. What are the prime factors of k(c)?
3
Suppose -2*n + 19 = 5*h - 5, 3*h - 20 = -4*n. What are the prime factors of (-38)/((-2)/(3 - n))?
19
Let x(h) = 3 - 7*h**2 - 2*h + 2*h + 0*h - h**3. What are the prime factors of x(-7)?
3
Let g(h) = h - 2. Let k be g(4). Let u = 9 + k. What are the prime factors of u?
11
Let j = 3 - -46. Let l = j + -24. List the prime factors of l.
5
Suppose 1 = -w + 7. List the prime factors of 1/w + 174/36.
5
Suppose 4*r - 3*q - 16 = -q, r - 3 = q. Suppose r*b - 102 = 2*b. Suppose 0 = -5*s + b + 21. What are the prime factors of s?
11
Suppose w + 90 = 2*w. What are the prime factors of w?
2, 3, 5
Let j = -200 - -269. List the prime factors of j.
3, 23
Let h(p) = 9*p**2 - 5*p + 6. Let w be h(4). Suppose w = 4*j + 3*t + 36, 4*j + 2*t = 92. What are the prime factors of j?
2, 11
Let b(p) = -p**2 + 7*p + 10. Let y be b(8). Suppose -y*t = -4*j - 26 - 58, -t + 48 = -4*j. What are the prime factors of t?
2, 3
Suppose -5*w - 284 + 87 = -4*t, -2*t = w - 81. List the prime factors of t.
43
Suppose -4*r = -9 - 23. What are the prime factors of r?
2
Let a(b) = b**3 - 9*b**2 + b + 5. Let r = 5 + 13. Suppose f - r = -f. What are the prime factors of a(f)?
2, 7
Suppose -2*i + 16 = -8. Suppose 0 + i = -4*z. What are the prime factors of (42/z)/(-2) - -1?
2
Let u(s) = s**2 - 3*s. Let b be 3 - ((-12)/3)/2. List the prime factors of u(b).
2, 5
Let v = 13 + -6. Suppose -h - y + 4 = 3, -5*y = -h + v. Suppose h*p = -7 + 27. What are the prime factors of p?
2, 5
Let u(c) = c**3 + 7*c**2 + 5*c - 2. Let p be u(-6). Suppose -6*n = -p*n + 36. Let k = 30 + n. List the prime factors of k.
2, 3
Let a be 2/(-4) - (-3)/(-2). Let d = 6 + a. List the prime factors of d.
2
Let r(h) = -3*h + 29. What are the prime factors of r(-17)?
2, 5
List the prime factors of (12/10)/((-3)/(-60)).
2, 3
Let m(v) be the third derivativ